{"id":634,"date":"2024-03-14T11:59:00","date_gmt":"2024-03-14T10:59:00","guid":{"rendered":"https:\/\/wielmetal.cz\/?post_type=product&#038;p=634"},"modified":"2025-03-27T19:51:08","modified_gmt":"2025-03-27T18:51:08","slug":"noga-do-stolu-metalowa-pajak-loft-1500x700","status":"publish","type":"product","link":"https:\/\/wielmetal.cz\/?product=noga-do-stolu-metalowa-pajak-loft-1500x700","title":{"rendered":"Noga do sto\u0142u metalowa paj\u0105k loft 1500&#215;700"},"content":{"rendered":"<div data-box-name=\"layout.container\" data-box-id=\"LUo64bt1RQOuwIphdVaomw==sx2lrxHNQUG4Wa7QQbUK8g==P-FoSUHCT7uRP7k4N3UHGw==\" data-prototype-id=\"layout.container\" data-prototype-version=\"9.0\" data-analytics-category=\"layout.container\" data-analytics-groups=\"%5B%22allegro.oferta.base%22%2C%22showproduct.content%22%5D\">\n<div class=\"opbox-sheet-wrapper m7er_k4 munh_56 m3h2_56 _17d9e_7VF-Y mjru_ey carousel-item\" data-item=\"\">\n<div class=\"opbox-sheet opbox-sheet-d6837 _17d9e_Ww88Y msts_n7\">\n<div data-box-name=\"Container Description\" data-box-id=\"LUo64bt1RQOuwIphdVaomw==sx2lrxHNQUG4Wa7QQbUK8g==KrsT5UCqShOJdHqbje7J6g==\" data-prototype-id=\"layout.container\" data-prototype-version=\"9.0\" data-analytics-category=\"layout.container\" data-analytics-groups=\"%5B%22allegro.oferta.base%22%2C%22showproduct.content%22%5D\">\n<div class=\"opbox-sheet-wrapper m7er_k4 munh_56 m3h2_56 _17d9e_7VF-Y mjru_ey carousel-item\" data-item=\"\">\n<div class=\"opbox-sheet opbox-sheet-8a572 _17d9e_Ww88Y msts_n7\">\n<div data-box-name=\"Container Description Card\" data-box-id=\"LUo64bt1RQOuwIphdVaomw==sx2lrxHNQUG4Wa7QQbUK8g==jhpKH9aaQaCjzHnIe1NUoA==\" data-prototype-id=\"layout.container\" data-prototype-version=\"9.0\" data-analytics-category=\"layout.container\" data-analytics-groups=\"%5B%22allegro.oferta.base%22%2C%22showproduct.content%22%5D\">\n<div class=\"opbox-sheet-wrapper m7er_k4 munh_56 m3h2_56 _17d9e_7VF-Y mjru_ua carousel-item\" data-item=\"\">\n<div class=\"opbox-sheet opbox-sheet-69b3d _17d9e_Ww88Y msts_n7 card msts_pt mg9e_16 mvrt_16 mj7a_16 mh36_16 mg9e_24_l mvrt_24_l mj7a_24_l mh36_24_l a883q\">\n<div data-box-name=\"Description card\" data-box-id=\"LUo64bt1RQOuwIphdVaomw==sx2lrxHNQUG4Wa7QQbUK8g==v8GgqMy9Qp-lQqTlwF0UTQ==\" data-prototype-id=\"layout.container\" data-prototype-version=\"9.0\" data-analytics-category=\"layout.container\" data-analytics-groups=\"%5B%22allegro.oferta.base%22%2C%22showproduct.content%22%5D\">\n<div class=\"opbox-sheet-wrapper m7er_k4 munh_56 m3h2_56 _17d9e_7VF-Y mjru_ua carousel-item\" data-item=\"\">\n<div class=\"opbox-sheet opbox-sheet-1a4fd _17d9e_Ww88Y msts_n7\">\n<div data-box-name=\"Description\" data-box-id=\"LUo64bt1RQOuwIphdVaomw==sx2lrxHNQUG4Wa7QQbUK8g==gbrCZxJ_RBSlSji1w8NOmA==\" data-prototype-id=\"allegro.showoffer.description\" data-prototype-version=\"0.7\" data-civ=\"cf7\" data-analytics-enabled=\"\" data-analytics-category=\"allegro.showoffer.description\" data-analytics-groups=\"%5B%22allegro.oferta.base%22%2C%22showproduct.content%22%5D\">\n<div class=\"mgn2_14 mp0t_0a mqu1_21 mli8_k4 mgmw_wo msts_pt _0d3bd_K6Qpj\" data-reactroot=\"\">\n<div class=\"\">\n<div class=\"mpof_ki myre_zn myre_8v_l m389_6m_l\">\n<div class=\"mp4t_16_s mryx_16_s mr3m_1 mli2_1 mh85_56 mh85_0_l\">\n<div class=\"mgn2_16 _0d3bd_am0a-\">\n<p>Noga do sto\u0142u o wymiarach\u00a0<b>149cm x 74cm. Wysoko\u015b\u0107 74cm.<\/b><\/p>\n<p>Noga wykonana z profila stalowego\u00a0<b>70x70mm<\/b>. Produkt zosta\u0142\u00a0<b>wykonany r\u0119cznie w Polsce<\/b>\u00a0przez\u00a0<b>profesjonalna firm\u0119.<\/b><\/p>\n<p><b>Noga wyr\u00f3\u017cnia si\u0119 tym, \u017ce jest w ca\u0142o\u015bci spawana. Nie jest nigdzie skr\u0119cana.<\/b><\/p>\n<p>Noga wykonana z\u00a0<b>grubych i wytrzyma\u0142ych<\/b>\u00a0profili, co zapewnia wysok\u0105\u00a0<b>stabilno\u015b\u0107 i wytrzyma\u0142o\u015b\u0107<\/b>.<\/p>\n<p>4 blachy mocuj\u0105ce blat o grubo\u015bci\u00a0<b>5mm<\/b>. Ka\u017cda blacha posiada\u00a0<b>4 otwory fi 8,<\/b>\u00a0przez co blat b\u0119dzie\u00a0<b>solidnie przytwierdzony do nogi<\/b>\u00a0oraz nie b\u0119dzie si\u0119 buja\u0142.<\/p>\n<p>Noga wykonana jest z najwy\u017csz\u0105 staranno\u015bci\u0105 oraz z u\u017cyciem\u00a0<b>najlepszych materia\u0142\u00f3w.<\/b><\/p>\n<p>Produkt jest\u00a0<b>piaskowany<\/b>, a nast\u0119pnie\u00a0<b>profesjonalnie malowany najlepszym mo\u017cliwym sposobem- malowany proszkowo!<\/b><\/p>\n<p>Gwarantuje to bardzo du\u017c\u0105\u00a0<b>jako\u015b\u0107, estetyczno\u015b\u0107 oraz wytrzyma\u0142o\u015b\u0107 pow\u0142oki malarskiej.<\/b><\/p>\n<p><b>Kolor lakieru: RAL 9005 CZARNY STRUKTURA.<\/b><\/p>\n<\/div>\n<\/div>\n<\/div>\n<div class=\"mpof_ki myre_zn myre_8v_l m389_6m_l\">\n<div class=\"mp4t_16_s mryx_16_s mr3m_1 mli2_1 mh85_56 mh85_0_l\">\n<div class=\"mg9e_8 mj7a_8 mg9e_0_s mvrt_0_s mj7a_0_s mh36_0_s mzmg_6m munh_16_l m3h2_16_l\">\n<div class=\"mp4t_0 mryx_0 munh_56 m3h2_56\">\n<div class=\"mp7g_oh\"><\/div>\n<\/div>\n<\/div>\n<\/div>\n<div class=\"mp4t_16_s mryx_16_s mr3m_1 mli2_1 mh85_56 mh85_0_l\">\n<div class=\"mg9e_8 mj7a_8 mg9e_0_s mvrt_0_s mj7a_0_s mh36_0_s mzmg_6m munh_16_l m3h2_16_l\">\n<div class=\"mp4t_0 mryx_0 munh_56 m3h2_56\"><\/div>\n<\/div>\n<\/div>\n<\/div>\n<\/div>\n<\/div>\n<\/div>\n<\/div>\n<\/div>\n<\/div>\n<\/div>\n<\/div>\n<\/div>\n<\/div>\n<\/div>\n<\/div>\n<\/div>\n<\/div>\n<\/div>\n<div data-box-name=\"ProductReviews.container card\" data-box-id=\"LUo64bt1RQOuwIphdVaomw==FHZ0eGP9TT280RHUlMQ4mQ==\" data-prototype-id=\"layout.container\" data-prototype-version=\"9.0\" data-analytics-category=\"layout.container\" data-analytics-groups=\"%5B%22allegro.oferta.base%22%5D\">\n<div class=\"opbox-sheet-wrapper m7er_k4 munh_56 m3h2_56 _17d9e_7VF-Y mjru_ey carousel-item\" data-item=\"\">\n<div class=\"opbox-sheet opbox-sheet-96f42 _17d9e_Ww88Y msts_n7 mj7a_0\">\n<div data-box-name=\"ProductReviews.container\" data-box-id=\"LUo64bt1RQOuwIphdVaomw==CRnJDe7ZR9uNwU6IW2zVRQ==\" data-prototype-id=\"layout.container\" data-prototype-version=\"9.0\" data-analytics-category=\"layout.container\" data-analytics-groups=\"%5B%22allegro.oferta.base%22%5D\">\n<div class=\"opbox-sheet-wrapper m7er_k4 munh_56 m3h2_56 _17d9e_7VF-Y mjru_ey carousel-item\" data-item=\"\">\n<div class=\"opbox-sheet opbox-sheet-93f25 _17d9e_Ww88Y msts_n7 card msts_pt mg9e_16 mvrt_16 mj7a_16 mh36_16 mg9e_24_l mvrt_24_l mj7a_24_l mh36_24_l a883q\">\n<div data-box-name=\"ProductReviewsSummary.container\" data-box-id=\"LUo64bt1RQOuwIphdVaomw==3DMKWY1XQQitGrPs1urU9Q==\" data-prototype-id=\"layout.container\" data-prototype-version=\"9.0\" data-analytics-category=\"layout.container\" data-analytics-groups=\"%5B%22allegro.oferta.base%22%5D\">\n<div class=\"opbox-sheet-wrapper m7er_k4 munh_56 m3h2_56 _17d9e_7VF-Y mjru_ey carousel-item\" data-item=\"\">\n<div class=\"opbox-sheet opbox-sheet-c133e _17d9e_Ww88Y msts_n7\">\n<div data-box-name=\"ProductReviewsSummary\" data-box-id=\"LUo64bt1RQOuwIphdVaomw==FPAHG_PFRiyYCHNeke39lQ==\" data-prototype-id=\"allegro.showoffer.productReviews\" data-prototype-version=\"0.17\" data-civ=\"10e\" data-analytics-enabled=\"\" data-analytics-category=\"allegro.showoffer.productReviews\" data-analytics-groups=\"%5B%22allegro.oferta.base%22%5D\">\n<div class=\"mgn2_14 mp0t_0a mqu1_21 mgmw_wo mli8_k4 mpof_ki myre_zn mwdn_1 m7f5_py\">\n<div class=\"mpof_ki myre_zn m7er_k4\">\n<div class=\"mpof_ki myre_6m myre_8v_s m7f5_5x m7f5_sf_s m389_6i m389_6m_s mp4t_16\">\n<div class=\"mpof_ki myre_8v m389_6m m7f5_6m mqu1_16 m7f5_5x_s mg9e_8 mg9e_0_s\" data-testid=\"reviewVerifiedLabel\">\n<div class=\"mp0t_0a mgn2_12 mqu1_16 mli8_k4 mgmw_3z mryx_0 munh_8 mp4t_0\">\n<div class=\"mp7g_oh mpof_vs\" tabindex=\"0\" role=\"link\" data-testid=\"tipWrapper\"><\/div>\n<\/div>\n<\/div>\n<\/div>\n<\/div>\n<\/div>\n<\/div>\n<\/div>\n<\/div>\n<\/div>\n<\/div>\n<\/div>\n<\/div>\n<\/div>\n<\/div>\n<\/div>\n","protected":false},"excerpt":{"rendered":"<p>Noga do sto\u0142u o wymiarach\u00a0149cm x 74cm. Wysoko\u015b\u0107 74cm. Noga wykonana z profila stalowego\u00a070x70mm. Produkt zosta\u0142\u00a0wykonany r\u0119cznie w Polsce\u00a0przez\u00a0profesjonalna firm\u0119. Noga wyr\u00f3\u017cnia si\u0119 tym, \u017ce jest w ca\u0142o\u015bci spawana. Nie jest nigdzie skr\u0119cana. Noga wykonana z\u00a0grubych i wytrzyma\u0142ych\u00a0profili, co zapewnia wysok\u0105\u00a0stabilno\u015b\u0107 i wytrzyma\u0142o\u015b\u0107. 4 blachy mocuj\u0105ce blat o grubo\u015bci\u00a05mm. Ka\u017cda blacha posiada\u00a04 otwory fi 8,\u00a0przez [&hellip;]<\/p>\n","protected":false},"featured_media":624,"comment_status":"open","ping_status":"closed","template":"","meta":[],"product_brand":[],"product_cat":[24],"product_tag":[27],"class_list":{"0":"post-634","1":"product","2":"type-product","3":"status-publish","4":"has-post-thumbnail","6":"product_cat-nogi-do-stolow","7":"product_tag-pajak","9":"first","10":"instock","11":"sale","12":"shipping-taxable","13":"purchasable","14":"product-type-simple"},"yoast_head":"<!-- This site is optimized with the Yoast SEO plugin v25.0 - https:\/\/yoast.com\/wordpress\/plugins\/seo\/ -->\n<title>Noga do sto\u0142u metalowa paj\u0105k loft 1500x700 - WielMetal<\/title>\n<meta name=\"robots\" content=\"index, follow, max-snippet:-1, max-image-preview:large, max-video-preview:-1\" \/>\n<link rel=\"canonical\" href=\"https:\/\/wielmetal.cz\/produkt\/noga-do-stolu-metalowa-pajak-loft-1500x700\/\" \/>\n<meta property=\"og:locale\" content=\"pl_PL\" \/>\n<meta property=\"og:type\" content=\"article\" \/>\n<meta property=\"og:title\" content=\"Noga do sto\u0142u metalowa paj\u0105k loft 1500x700 - WielMetal\" \/>\n<meta property=\"og:description\" content=\"Noga do sto\u0142u o wymiarach\u00a0149cm x 74cm. Wysoko\u015b\u0107 74cm. Noga wykonana z profila stalowego\u00a070x70mm. Produkt zosta\u0142\u00a0wykonany r\u0119cznie w Polsce\u00a0przez\u00a0profesjonalna firm\u0119. Noga wyr\u00f3\u017cnia si\u0119 tym, \u017ce jest w ca\u0142o\u015bci spawana. Nie jest nigdzie skr\u0119cana. Noga wykonana z\u00a0grubych i wytrzyma\u0142ych\u00a0profili, co zapewnia wysok\u0105\u00a0stabilno\u015b\u0107 i wytrzyma\u0142o\u015b\u0107. 4 blachy mocuj\u0105ce blat o grubo\u015bci\u00a05mm. Ka\u017cda blacha posiada\u00a04 otwory fi 8,\u00a0przez [&hellip;]\" \/>\n<meta property=\"og:url\" content=\"https:\/\/wielmetal.cz\/produkt\/noga-do-stolu-metalowa-pajak-loft-1500x700\/\" \/>\n<meta property=\"og:site_name\" content=\"WielMetal\" \/>\n<meta property=\"article:modified_time\" content=\"2025-03-27T18:51:08+00:00\" \/>\n<meta property=\"og:image\" content=\"https:\/\/wielmetal.cz\/wp-content\/uploads\/2024\/03\/Screenshot-2024-03-13-at-11-27-40-Noga-do-stolu-metalowa-pajak-loft-industrial-1500x700-1.png\" \/>\n\t<meta property=\"og:image:width\" content=\"1533\" \/>\n\t<meta property=\"og:image:height\" content=\"860\" \/>\n\t<meta property=\"og:image:type\" content=\"image\/png\" \/>\n<meta name=\"twitter:card\" content=\"summary_large_image\" \/>\n<meta name=\"twitter:label1\" content=\"Szacowany czas czytania\" \/>\n\t<meta name=\"twitter:data1\" content=\"1 minuta\" \/>\n<script type=\"application\/ld+json\" class=\"yoast-schema-graph\">{\"@context\":\"https:\/\/schema.org\",\"@graph\":[{\"@type\":\"WebPage\",\"@id\":\"https:\/\/wielmetal.cz\/produkt\/noga-do-stolu-metalowa-pajak-loft-1500x700\/\",\"url\":\"https:\/\/wielmetal.cz\/produkt\/noga-do-stolu-metalowa-pajak-loft-1500x700\/\",\"name\":\"Noga do sto\u0142u metalowa paj\u0105k loft 1500x700 - WielMetal\",\"isPartOf\":{\"@id\":\"https:\/\/wielmetal.cz\/#website\"},\"primaryImageOfPage\":{\"@id\":\"https:\/\/wielmetal.cz\/produkt\/noga-do-stolu-metalowa-pajak-loft-1500x700\/#primaryimage\"},\"image\":{\"@id\":\"https:\/\/wielmetal.cz\/produkt\/noga-do-stolu-metalowa-pajak-loft-1500x700\/#primaryimage\"},\"thumbnailUrl\":\"https:\/\/wielmetal.cz\/wp-content\/uploads\/2024\/03\/Screenshot-2024-03-13-at-11-27-40-Noga-do-stolu-metalowa-pajak-loft-industrial-1500x700-1.png\",\"datePublished\":\"2024-03-14T10:59:00+00:00\",\"dateModified\":\"2025-03-27T18:51:08+00:00\",\"breadcrumb\":{\"@id\":\"https:\/\/wielmetal.cz\/produkt\/noga-do-stolu-metalowa-pajak-loft-1500x700\/#breadcrumb\"},\"inLanguage\":\"pl-PL\",\"potentialAction\":[{\"@type\":\"ReadAction\",\"target\":[\"https:\/\/wielmetal.cz\/produkt\/noga-do-stolu-metalowa-pajak-loft-1500x700\/\"]}]},{\"@type\":\"ImageObject\",\"inLanguage\":\"pl-PL\",\"@id\":\"https:\/\/wielmetal.cz\/produkt\/noga-do-stolu-metalowa-pajak-loft-1500x700\/#primaryimage\",\"url\":\"https:\/\/wielmetal.cz\/wp-content\/uploads\/2024\/03\/Screenshot-2024-03-13-at-11-27-40-Noga-do-stolu-metalowa-pajak-loft-industrial-1500x700-1.png\",\"contentUrl\":\"https:\/\/wielmetal.cz\/wp-content\/uploads\/2024\/03\/Screenshot-2024-03-13-at-11-27-40-Noga-do-stolu-metalowa-pajak-loft-industrial-1500x700-1.png\",\"width\":1533,\"height\":860},{\"@type\":\"BreadcrumbList\",\"@id\":\"https:\/\/wielmetal.cz\/produkt\/noga-do-stolu-metalowa-pajak-loft-1500x700\/#breadcrumb\",\"itemListElement\":[{\"@type\":\"ListItem\",\"position\":1,\"name\":\"Strona g\u0142\u00f3wna\",\"item\":\"https:\/\/wielmetal.cz\/\"},{\"@type\":\"ListItem\",\"position\":2,\"name\":\"Sklep\",\"item\":\"https:\/\/wielmetal.cz\/?page_id=374\"},{\"@type\":\"ListItem\",\"position\":3,\"name\":\"Noga do sto\u0142u metalowa paj\u0105k loft 1500&#215;700\"}]},{\"@type\":\"WebSite\",\"@id\":\"https:\/\/wielmetal.cz\/#website\",\"url\":\"https:\/\/wielmetal.cz\/\",\"name\":\"WielMetal\",\"description\":\"Polski producent artyku\u0142\u00f3w metalowych.\",\"publisher\":{\"@id\":\"https:\/\/wielmetal.cz\/#organization\"},\"potentialAction\":[{\"@type\":\"SearchAction\",\"target\":{\"@type\":\"EntryPoint\",\"urlTemplate\":\"https:\/\/wielmetal.cz\/?s={search_term_string}\"},\"query-input\":{\"@type\":\"PropertyValueSpecification\",\"valueRequired\":true,\"valueName\":\"search_term_string\"}}],\"inLanguage\":\"pl-PL\"},{\"@type\":\"Organization\",\"@id\":\"https:\/\/wielmetal.cz\/#organization\",\"name\":\"WielMetal\",\"url\":\"https:\/\/wielmetal.cz\/\",\"logo\":{\"@type\":\"ImageObject\",\"inLanguage\":\"pl-PL\",\"@id\":\"https:\/\/wielmetal.cz\/#\/schema\/logo\/image\/\",\"url\":\"https:\/\/wielmetal.cz\/wp-content\/uploads\/2023\/08\/WielMetal-1.png\",\"contentUrl\":\"https:\/\/wielmetal.cz\/wp-content\/uploads\/2023\/08\/WielMetal-1.png\",\"width\":350,\"height\":100,\"caption\":\"WielMetal\"},\"image\":{\"@id\":\"https:\/\/wielmetal.cz\/#\/schema\/logo\/image\/\"}}]}<\/script>\n<!-- \/ Yoast SEO plugin. -->","yoast_head_json":{"title":"Noga do sto\u0142u metalowa paj\u0105k loft 1500x700 - WielMetal","robots":{"index":"index","follow":"follow","max-snippet":"max-snippet:-1","max-image-preview":"max-image-preview:large","max-video-preview":"max-video-preview:-1"},"canonical":"https:\/\/wielmetal.cz\/produkt\/noga-do-stolu-metalowa-pajak-loft-1500x700\/","og_locale":"pl_PL","og_type":"article","og_title":"Noga do sto\u0142u metalowa paj\u0105k loft 1500x700 - WielMetal","og_description":"Noga do sto\u0142u o wymiarach\u00a0149cm x 74cm. Wysoko\u015b\u0107 74cm. Noga wykonana z profila stalowego\u00a070x70mm. Produkt zosta\u0142\u00a0wykonany r\u0119cznie w Polsce\u00a0przez\u00a0profesjonalna firm\u0119. Noga wyr\u00f3\u017cnia si\u0119 tym, \u017ce jest w ca\u0142o\u015bci spawana. Nie jest nigdzie skr\u0119cana. Noga wykonana z\u00a0grubych i wytrzyma\u0142ych\u00a0profili, co zapewnia wysok\u0105\u00a0stabilno\u015b\u0107 i wytrzyma\u0142o\u015b\u0107. 4 blachy mocuj\u0105ce blat o grubo\u015bci\u00a05mm. Ka\u017cda blacha posiada\u00a04 otwory fi 8,\u00a0przez [&hellip;]","og_url":"https:\/\/wielmetal.cz\/produkt\/noga-do-stolu-metalowa-pajak-loft-1500x700\/","og_site_name":"WielMetal","article_modified_time":"2025-03-27T18:51:08+00:00","og_image":[{"width":1533,"height":860,"url":"https:\/\/wielmetal.cz\/wp-content\/uploads\/2024\/03\/Screenshot-2024-03-13-at-11-27-40-Noga-do-stolu-metalowa-pajak-loft-industrial-1500x700-1.png","type":"image\/png"}],"twitter_card":"summary_large_image","twitter_misc":{"Szacowany czas czytania":"1 minuta"},"schema":{"@context":"https:\/\/schema.org","@graph":[{"@type":"WebPage","@id":"https:\/\/wielmetal.cz\/produkt\/noga-do-stolu-metalowa-pajak-loft-1500x700\/","url":"https:\/\/wielmetal.cz\/produkt\/noga-do-stolu-metalowa-pajak-loft-1500x700\/","name":"Noga do sto\u0142u metalowa paj\u0105k loft 1500x700 - WielMetal","isPartOf":{"@id":"https:\/\/wielmetal.cz\/#website"},"primaryImageOfPage":{"@id":"https:\/\/wielmetal.cz\/produkt\/noga-do-stolu-metalowa-pajak-loft-1500x700\/#primaryimage"},"image":{"@id":"https:\/\/wielmetal.cz\/produkt\/noga-do-stolu-metalowa-pajak-loft-1500x700\/#primaryimage"},"thumbnailUrl":"https:\/\/wielmetal.cz\/wp-content\/uploads\/2024\/03\/Screenshot-2024-03-13-at-11-27-40-Noga-do-stolu-metalowa-pajak-loft-industrial-1500x700-1.png","datePublished":"2024-03-14T10:59:00+00:00","dateModified":"2025-03-27T18:51:08+00:00","breadcrumb":{"@id":"https:\/\/wielmetal.cz\/produkt\/noga-do-stolu-metalowa-pajak-loft-1500x700\/#breadcrumb"},"inLanguage":"pl-PL","potentialAction":[{"@type":"ReadAction","target":["https:\/\/wielmetal.cz\/produkt\/noga-do-stolu-metalowa-pajak-loft-1500x700\/"]}]},{"@type":"ImageObject","inLanguage":"pl-PL","@id":"https:\/\/wielmetal.cz\/produkt\/noga-do-stolu-metalowa-pajak-loft-1500x700\/#primaryimage","url":"https:\/\/wielmetal.cz\/wp-content\/uploads\/2024\/03\/Screenshot-2024-03-13-at-11-27-40-Noga-do-stolu-metalowa-pajak-loft-industrial-1500x700-1.png","contentUrl":"https:\/\/wielmetal.cz\/wp-content\/uploads\/2024\/03\/Screenshot-2024-03-13-at-11-27-40-Noga-do-stolu-metalowa-pajak-loft-industrial-1500x700-1.png","width":1533,"height":860},{"@type":"BreadcrumbList","@id":"https:\/\/wielmetal.cz\/produkt\/noga-do-stolu-metalowa-pajak-loft-1500x700\/#breadcrumb","itemListElement":[{"@type":"ListItem","position":1,"name":"Strona g\u0142\u00f3wna","item":"https:\/\/wielmetal.cz\/"},{"@type":"ListItem","position":2,"name":"Sklep","item":"https:\/\/wielmetal.cz\/?page_id=374"},{"@type":"ListItem","position":3,"name":"Noga do sto\u0142u metalowa paj\u0105k loft 1500&#215;700"}]},{"@type":"WebSite","@id":"https:\/\/wielmetal.cz\/#website","url":"https:\/\/wielmetal.cz\/","name":"WielMetal","description":"Polski producent artyku\u0142\u00f3w metalowych.","publisher":{"@id":"https:\/\/wielmetal.cz\/#organization"},"potentialAction":[{"@type":"SearchAction","target":{"@type":"EntryPoint","urlTemplate":"https:\/\/wielmetal.cz\/?s={search_term_string}"},"query-input":{"@type":"PropertyValueSpecification","valueRequired":true,"valueName":"search_term_string"}}],"inLanguage":"pl-PL"},{"@type":"Organization","@id":"https:\/\/wielmetal.cz\/#organization","name":"WielMetal","url":"https:\/\/wielmetal.cz\/","logo":{"@type":"ImageObject","inLanguage":"pl-PL","@id":"https:\/\/wielmetal.cz\/#\/schema\/logo\/image\/","url":"https:\/\/wielmetal.cz\/wp-content\/uploads\/2023\/08\/WielMetal-1.png","contentUrl":"https:\/\/wielmetal.cz\/wp-content\/uploads\/2023\/08\/WielMetal-1.png","width":350,"height":100,"caption":"WielMetal"},"image":{"@id":"https:\/\/wielmetal.cz\/#\/schema\/logo\/image\/"}}]}},"_links":{"self":[{"href":"https:\/\/wielmetal.cz\/index.php?rest_route=\/wp\/v2\/product\/634","targetHints":{"allow":["GET"]}}],"collection":[{"href":"https:\/\/wielmetal.cz\/index.php?rest_route=\/wp\/v2\/product"}],"about":[{"href":"https:\/\/wielmetal.cz\/index.php?rest_route=\/wp\/v2\/types\/product"}],"replies":[{"embeddable":true,"href":"https:\/\/wielmetal.cz\/index.php?rest_route=%2Fwp%2Fv2%2Fcomments&post=634"}],"wp:featuredmedia":[{"embeddable":true,"href":"https:\/\/wielmetal.cz\/index.php?rest_route=\/wp\/v2\/media\/624"}],"wp:attachment":[{"href":"https:\/\/wielmetal.cz\/index.php?rest_route=%2Fwp%2Fv2%2Fmedia&parent=634"}],"wp:term":[{"taxonomy":"product_brand","embeddable":true,"href":"https:\/\/wielmetal.cz\/index.php?rest_route=%2Fwp%2Fv2%2Fproduct_brand&post=634"},{"taxonomy":"product_cat","embeddable":true,"href":"https:\/\/wielmetal.cz\/index.php?rest_route=%2Fwp%2Fv2%2Fproduct_cat&post=634"},{"taxonomy":"product_tag","embeddable":true,"href":"https:\/\/wielmetal.cz\/index.php?rest_route=%2Fwp%2Fv2%2Fproduct_tag&post=634"}],"curies":[{"name":"wp","href":"https:\/\/api.w.org\/{rel}","templated":true}]}}