{"id":379,"date":"2024-01-10T12:34:34","date_gmt":"2024-01-10T11:34:34","guid":{"rendered":"https:\/\/wielmetal.cz\/?post_type=product&#038;p=379"},"modified":"2025-02-06T23:24:01","modified_gmt":"2025-02-06T22:24:01","slug":"najazd-samochodowy","status":"publish","type":"product","link":"https:\/\/wielmetal.cz\/?product=najazd-samochodowy","title":{"rendered":"Zestaw Najazdy Samochodowe 3t &#8211; 2 Sztuki"},"content":{"rendered":"<h2><strong>Najazdy Samochodowe Wielmetal \u2013 Specyfikacja<\/strong><\/h2>\n<p>Najazdy samochodowe <strong>marki Wielmetal<\/strong> to produkty w <strong>100% polskiej produkcji,<\/strong> kt\u00f3re od wielu lat ciesz\u0105 si\u0119 uznaniem na rynku. Jako do\u015bwiadczony producent dostarczamy najwy\u017cszej jako\u015bci rozwi\u0105zania, a nasze najazdy trafiaj\u0105 do tysi\u0119cy zadowolonych klient\u00f3w ka\u017cdego roku. Wykorzystanie nowoczesnych technologii oraz precyzja wykonania sprawiaj\u0105, \u017ce nasze produkty s\u0105 niezawodne i trwa\u0142e.<\/p>\n<h3>Cechy produktu:<\/h3>\n<ul>\n<li><strong>Materia\u0142<\/strong>: Najazdy wykonane s\u0105 w ca\u0142o\u015bci ze stali, co zapewnia ich trwa\u0142o\u015b\u0107 i wytrzyma\u0142o\u015b\u0107.<\/li>\n<li><strong>Przeznaczenie<\/strong>: Mo\u017cna ich u\u017cywa\u0107 zar\u00f3wno wewn\u0105trz budynk\u00f3w, jak i na zewn\u0105trz.<\/li>\n<li><strong>Konstrukcja<\/strong>: Lekka, ale jednocze\u015bnie niezwykle wytrzyma\u0142a, oparta na k\u0105towniku 30&#215;30 mm o grubo\u015bci 3 mm \u2013 grubszej ni\u017c u konkurencji, kt\u00f3ra stosuje tylko 2 mm.<\/li>\n<\/ul>\n<h3>Wytrzyma\u0142o\u015b\u0107:<\/h3>\n<ul>\n<li>Najazdy przeznaczone s\u0105 do obs\u0142ugi pojazd\u00f3w o masie do <strong>3 ton<\/strong>.<\/li>\n<li>Idealne do samochod\u00f3w osobowych i bus\u00f3w.<\/li>\n<li>Konstrukcja zosta\u0142a sprawdzona przez tysi\u0105ce zadowolonych klient\u00f3w rocznie, co potwierdzaj\u0105 liczne pozytywne opinie.<\/li>\n<\/ul>\n<h3>Zabezpieczenia i funkcjonalno\u015b\u0107:<\/h3>\n<ul>\n<li><strong>Ograniczniki<\/strong> chroni\u0105 pojazd przed przypadkowym zsuni\u0119ciem podczas wjazdu.<\/li>\n<li>Szczeble osadzone s\u0105 na solidnej ramie i przyspawane <strong>8 spawami<\/strong> z ka\u017cdej strony, co zapewnia trwa\u0142o\u015b\u0107 i bezpiecze\u0144stwo.<\/li>\n<li>Podstawa rampy jest p\u0142aska, co gwarantuje stabilno\u015b\u0107 na mi\u0119kkim pod\u0142o\u017cu i zapobiega zapadaniu si\u0119.<\/li>\n<\/ul>\n<h3>Wymiary:<\/h3>\n<ul>\n<li><strong>D\u0142ugo\u015b\u0107<\/strong>: 115 cm<\/li>\n<li><strong>Wysoko\u015b\u0107<\/strong>: 35 cm<\/li>\n<li><strong>Wysoko\u015b\u0107 robocza (podniesienie auta)<\/strong>: 27 cm<\/li>\n<li><strong>Szeroko\u015b\u0107<\/strong>: 27 cm<\/li>\n<\/ul>\n<h3>Zastosowanie:<\/h3>\n<ul>\n<li>Warsztaty samochodowe<\/li>\n<li>Salony samochodowe<\/li>\n<li>Prezentacje aut<\/li>\n<\/ul>\n<h3>Dodatkowe informacje:<\/h3>\n<ul>\n<li>Najazdy s\u0105 sprzedawane w komplecie (2 sztuki), z mo\u017cliwo\u015bci\u0105 dokupienia pojedynczego egzemplarza.<\/li>\n<li>Rampy s\u0105 wysy\u0142ane w solidnych, estetycznych opakowaniach kartonowych, co zapewnia ich bezpieczny transport.<\/li>\n<li>Najazdy nie s\u0105 malowane \u2013 pozostawiamy t\u0119 opcj\u0119 klientom, by mogli samodzielnie dostosowa\u0107 je do swoich potrzeb.<\/li>\n<\/ul>\n<h2><strong>Najazdy Wielmetal to produkt, na kt\u00f3rym mo\u017cesz polega\u0107 \u2013 solidno\u015b\u0107, bezpiecze\u0144stwo i satysfakcja gwarantowane!<\/strong><\/h2>\n","protected":false},"excerpt":{"rendered":"<h2 class=\"yoast-text-mark\">ss=&#8221;yoast-text-mark&#8221;&gt;ss=&#8221;mp0t_ji munh_0 m3h2_0 mqu1_1j mgn2_21 mgn2_25_s m9qz_yo mryx_16 mgmw_wo mp4t_0 msts_n7&#8243; data-role=&#8221;replaceable-title&#8221;&gt;Parametry<\/h2>\n<div data-box-name=\"Container Margin\" data-box-id=\"LUo64bt1RQOuwIphdVaomw==sx2lrxHNQUG4Wa7QQbUK8g==8pPZtd1cTmGY_QEjoqw4cw==\" data-prototype-id=\"layout.container\" data-prototype-version=\"9.0\" data-analytics-category=\"layout.container\" data-analytics-groups=\"%5B%22allegro.oferta.base%22%2C%22showproduct.content%22%5D\">\n<div class=\"opbox-sheet-wrapper m7er_k4 munh_56 m3h2_56 _17d9e_7VF-Y mjru_ey carousel-item\" data-item=\"\">\n<div class=\"opbox-sheet opbox-sheet-6bc6a _17d9e_Ww88Y msts_n7\">\n<div data-box-name=\"Parameters\" data-box-id=\"LUo64bt1RQOuwIphdVaomw==sx2lrxHNQUG4Wa7QQbUK8g==YuRyp3xVSIeCfb8dhT754A==\" data-prototype-id=\"allegro.showoffer.parameters\" data-prototype-version=\"0.6\" data-civ=\"dac\" data-analytics-enabled=\"\" data-analytics-category=\"allegro.showoffer.parameters\" data-analytics-groups=\"%5B%22allegro.oferta.base%22%2C%22showproduct.content%22%5D\">\n<div data-role=\"app-container\">\n<table class=\"myre_zn mp7g_oh m7er_k4 q2unx mp0t_0a msts_pt\">\n<tbody>\n<tr class=\"q1fzo mx7m_0 q1fzo qtqri mgn2_14\">\n<td class=\"mg9e_8 mj7a_8 mh36_8 mpof_vs mupj_5k mjyo_6x m09p_40 qfeeh mzmg_7i mgmw_3z mp4t_0 m3h2_0 mryx_0 munh_0 _3c6dd_ipdVK\">Stan<\/td>\n<td class=\"mg9e_8 mj7a_8 mpof_vs mupj_5k mjyo_6x mzmg_7i mh36_16 m09p_40 qfeeh mvrt_8 mgmw_wo m9qz_yp _3c6dd_mJPE-\">Nowy<\/td>\n<\/tr>\n<tr class=\"q1fzo mx7m_0 q1fzo qtqri mgn2_14\">\n<td class=\"mg9e_8 mj7a_8 mh36_8 mpof_vs mupj_5k mjyo_6x m09p_40 qfeeh mzmg_7i mgmw_3z mp4t_0 m3h2_0 mryx_0 munh_0 _3c6dd_ipdVK\">Faktura<\/td>\n<td class=\"mg9e_8 mj7a_8 mpof_vs mupj_5k mjyo_6x mzmg_7i mh36_16 m09p_40 qfeeh mvrt_8 mgmw_wo m9qz_yp _3c6dd_mJPE-\">Wystawiam faktur\u0119 bez VAT<\/td>\n<\/tr>\n<tr class=\"q1fzo mx7m_0 q1fzo qtqri mgn2_14\">\n<td class=\"mg9e_8 mj7a_8 mh36_8 mpof_vs mupj_5k mjyo_6x m09p_40 qfeeh mzmg_7i mgmw_3z mp4t_0 m3h2_0 mryx_0 munh_0 _3c6dd_ipdVK\">Marka<\/td>\n<td class=\"mg9e_8 mj7a_8 mpof_vs mupj_5k mjyo_6x mzmg_7i mh36_16 m09p_40 qfeeh mvrt_8 mgmw_wo m9qz_yp _3c6dd_mJPE-\"><a class=\"mgn2_14 mp0t_0a mgmw_wo mqu1_21 mj9z_5r mli8_k4 mqen_m6 l1fas\" title=\"filtruj po parametrze\" href=\"https:\/\/allegro.pl\/kategoria\/wyposazenie-warsztatu-najazdy-261637?marka=Wielmetal\" data-analytics-clickable=\"true\" data-analytics-click-label=\"parameterLink\" data-analytics-click-value=\"Marka\" data-analytics-click-custom-param-id=\"127509\" data-analytics-click-custom-param-value-name=\"Wielmetal\" data-analytics-click-custom-param-value-id=\"127509_1108882\">Wielmetal<\/a><\/td>\n<\/tr>\n<tr class=\"q1fzo mx7m_0 q1fzo qtqri mgn2_14\">\n<td class=\"mg9e_8 mj7a_8 mh36_8 mpof_vs mupj_5k mjyo_6x m09p_40 qfeeh mzmg_7i mgmw_3z mp4t_0 m3h2_0 mryx_0 munh_0 _3c6dd_ipdVK\">Kod producenta<\/td>\n<td class=\"mg9e_8 mj7a_8 mpof_vs mupj_5k mjyo_6x mzmg_7i mh36_16 m09p_40 qfeeh mvrt_8 mgmw_wo m9qz_yp _3c6dd_mJPE-\">002<\/td>\n<\/tr>\n<\/tbody>\n<\/table>\n<\/div>\n<\/div>\n<\/div>\n<\/div>\n<\/div>\n","protected":false},"featured_media":308,"comment_status":"open","ping_status":"closed","template":"","meta":[],"product_brand":[31],"product_cat":[20],"product_tag":[],"class_list":{"0":"post-379","1":"product","2":"type-product","3":"status-publish","4":"has-post-thumbnail","6":"product_brand-wielmetal","7":"product_cat-najazdy","9":"first","10":"instock","11":"sale","12":"shipping-taxable","13":"purchasable","14":"product-type-simple"},"yoast_head":"<!-- This site is optimized with the Yoast SEO plugin v25.0 - https:\/\/yoast.com\/wordpress\/plugins\/seo\/ -->\n<title>Zestaw Najazdy Samochodowe 3t - 2 Sztuki - WielMetal<\/title>\n<meta name=\"robots\" content=\"index, follow, max-snippet:-1, max-image-preview:large, max-video-preview:-1\" \/>\n<link rel=\"canonical\" href=\"https:\/\/wielmetal.cz\/produkt\/najazd-samochodowy\/\" \/>\n<meta property=\"og:locale\" content=\"pl_PL\" \/>\n<meta property=\"og:type\" content=\"article\" \/>\n<meta property=\"og:title\" content=\"Zestaw Najazdy Samochodowe 3t - 2 Sztuki - WielMetal\" \/>\n<meta property=\"og:description\" content=\"ss=&quot;yoast-text-mark&quot;&gt;ss=&quot;mp0t_ji munh_0 m3h2_0 mqu1_1j mgn2_21 mgn2_25_s m9qz_yo mryx_16 mgmw_wo mp4t_0 msts_n7&quot; data-role=&quot;replaceable-title&quot;&gt;Parametry         Stan Nowy   Faktura Wystawiam faktur\u0119 bez VAT   Marka Wielmetal   Kod producenta 002\" \/>\n<meta property=\"og:url\" content=\"https:\/\/wielmetal.cz\/produkt\/najazd-samochodowy\/\" \/>\n<meta property=\"og:site_name\" content=\"WielMetal\" \/>\n<meta property=\"article:modified_time\" content=\"2025-02-06T22:24:01+00:00\" \/>\n<meta property=\"og:image\" content=\"https:\/\/wielmetal.cz\/wp-content\/uploads\/2023\/08\/5-1.png\" \/>\n\t<meta property=\"og:image:width\" content=\"500\" \/>\n\t<meta property=\"og:image:height\" content=\"500\" \/>\n\t<meta property=\"og:image:type\" content=\"image\/png\" \/>\n<meta name=\"twitter:card\" content=\"summary_large_image\" \/>\n<meta name=\"twitter:label1\" content=\"Szacowany czas czytania\" \/>\n\t<meta name=\"twitter:data1\" content=\"2 minuty\" \/>\n<script type=\"application\/ld+json\" class=\"yoast-schema-graph\">{\"@context\":\"https:\/\/schema.org\",\"@graph\":[{\"@type\":\"WebPage\",\"@id\":\"https:\/\/wielmetal.cz\/produkt\/najazd-samochodowy\/\",\"url\":\"https:\/\/wielmetal.cz\/produkt\/najazd-samochodowy\/\",\"name\":\"Zestaw Najazdy Samochodowe 3t - 2 Sztuki - WielMetal\",\"isPartOf\":{\"@id\":\"https:\/\/wielmetal.cz\/#website\"},\"primaryImageOfPage\":{\"@id\":\"https:\/\/wielmetal.cz\/produkt\/najazd-samochodowy\/#primaryimage\"},\"image\":{\"@id\":\"https:\/\/wielmetal.cz\/produkt\/najazd-samochodowy\/#primaryimage\"},\"thumbnailUrl\":\"https:\/\/wielmetal.cz\/wp-content\/uploads\/2023\/08\/5-1.png\",\"datePublished\":\"2024-01-10T11:34:34+00:00\",\"dateModified\":\"2025-02-06T22:24:01+00:00\",\"breadcrumb\":{\"@id\":\"https:\/\/wielmetal.cz\/produkt\/najazd-samochodowy\/#breadcrumb\"},\"inLanguage\":\"pl-PL\",\"potentialAction\":[{\"@type\":\"ReadAction\",\"target\":[\"https:\/\/wielmetal.cz\/produkt\/najazd-samochodowy\/\"]}]},{\"@type\":\"ImageObject\",\"inLanguage\":\"pl-PL\",\"@id\":\"https:\/\/wielmetal.cz\/produkt\/najazd-samochodowy\/#primaryimage\",\"url\":\"https:\/\/wielmetal.cz\/wp-content\/uploads\/2023\/08\/5-1.png\",\"contentUrl\":\"https:\/\/wielmetal.cz\/wp-content\/uploads\/2023\/08\/5-1.png\",\"width\":500,\"height\":500,\"caption\":\"Trwa\u0142e i stabilne najazdy samochodowe \u2013 idealne rozwi\u0105zanie do napraw i serwis\u00f3w.\"},{\"@type\":\"BreadcrumbList\",\"@id\":\"https:\/\/wielmetal.cz\/produkt\/najazd-samochodowy\/#breadcrumb\",\"itemListElement\":[{\"@type\":\"ListItem\",\"position\":1,\"name\":\"Strona g\u0142\u00f3wna\",\"item\":\"https:\/\/wielmetal.cz\/\"},{\"@type\":\"ListItem\",\"position\":2,\"name\":\"Sklep\",\"item\":\"https:\/\/wielmetal.cz\/?page_id=374\"},{\"@type\":\"ListItem\",\"position\":3,\"name\":\"Zestaw Najazdy Samochodowe 3t &#8211; 2 Sztuki\"}]},{\"@type\":\"WebSite\",\"@id\":\"https:\/\/wielmetal.cz\/#website\",\"url\":\"https:\/\/wielmetal.cz\/\",\"name\":\"WielMetal\",\"description\":\"Polski producent artyku\u0142\u00f3w metalowych.\",\"publisher\":{\"@id\":\"https:\/\/wielmetal.cz\/#organization\"},\"potentialAction\":[{\"@type\":\"SearchAction\",\"target\":{\"@type\":\"EntryPoint\",\"urlTemplate\":\"https:\/\/wielmetal.cz\/?s={search_term_string}\"},\"query-input\":{\"@type\":\"PropertyValueSpecification\",\"valueRequired\":true,\"valueName\":\"search_term_string\"}}],\"inLanguage\":\"pl-PL\"},{\"@type\":\"Organization\",\"@id\":\"https:\/\/wielmetal.cz\/#organization\",\"name\":\"WielMetal\",\"url\":\"https:\/\/wielmetal.cz\/\",\"logo\":{\"@type\":\"ImageObject\",\"inLanguage\":\"pl-PL\",\"@id\":\"https:\/\/wielmetal.cz\/#\/schema\/logo\/image\/\",\"url\":\"https:\/\/wielmetal.cz\/wp-content\/uploads\/2023\/08\/WielMetal-1.png\",\"contentUrl\":\"https:\/\/wielmetal.cz\/wp-content\/uploads\/2023\/08\/WielMetal-1.png\",\"width\":350,\"height\":100,\"caption\":\"WielMetal\"},\"image\":{\"@id\":\"https:\/\/wielmetal.cz\/#\/schema\/logo\/image\/\"}}]}<\/script>\n<!-- \/ Yoast SEO plugin. -->","yoast_head_json":{"title":"Zestaw Najazdy Samochodowe 3t - 2 Sztuki - WielMetal","robots":{"index":"index","follow":"follow","max-snippet":"max-snippet:-1","max-image-preview":"max-image-preview:large","max-video-preview":"max-video-preview:-1"},"canonical":"https:\/\/wielmetal.cz\/produkt\/najazd-samochodowy\/","og_locale":"pl_PL","og_type":"article","og_title":"Zestaw Najazdy Samochodowe 3t - 2 Sztuki - WielMetal","og_description":"ss=\"yoast-text-mark\"&gt;ss=\"mp0t_ji munh_0 m3h2_0 mqu1_1j mgn2_21 mgn2_25_s m9qz_yo mryx_16 mgmw_wo mp4t_0 msts_n7\" data-role=\"replaceable-title\"&gt;Parametry         Stan Nowy   Faktura Wystawiam faktur\u0119 bez VAT   Marka Wielmetal   Kod producenta 002","og_url":"https:\/\/wielmetal.cz\/produkt\/najazd-samochodowy\/","og_site_name":"WielMetal","article_modified_time":"2025-02-06T22:24:01+00:00","og_image":[{"width":500,"height":500,"url":"https:\/\/wielmetal.cz\/wp-content\/uploads\/2023\/08\/5-1.png","type":"image\/png"}],"twitter_card":"summary_large_image","twitter_misc":{"Szacowany czas czytania":"2 minuty"},"schema":{"@context":"https:\/\/schema.org","@graph":[{"@type":"WebPage","@id":"https:\/\/wielmetal.cz\/produkt\/najazd-samochodowy\/","url":"https:\/\/wielmetal.cz\/produkt\/najazd-samochodowy\/","name":"Zestaw Najazdy Samochodowe 3t - 2 Sztuki - WielMetal","isPartOf":{"@id":"https:\/\/wielmetal.cz\/#website"},"primaryImageOfPage":{"@id":"https:\/\/wielmetal.cz\/produkt\/najazd-samochodowy\/#primaryimage"},"image":{"@id":"https:\/\/wielmetal.cz\/produkt\/najazd-samochodowy\/#primaryimage"},"thumbnailUrl":"https:\/\/wielmetal.cz\/wp-content\/uploads\/2023\/08\/5-1.png","datePublished":"2024-01-10T11:34:34+00:00","dateModified":"2025-02-06T22:24:01+00:00","breadcrumb":{"@id":"https:\/\/wielmetal.cz\/produkt\/najazd-samochodowy\/#breadcrumb"},"inLanguage":"pl-PL","potentialAction":[{"@type":"ReadAction","target":["https:\/\/wielmetal.cz\/produkt\/najazd-samochodowy\/"]}]},{"@type":"ImageObject","inLanguage":"pl-PL","@id":"https:\/\/wielmetal.cz\/produkt\/najazd-samochodowy\/#primaryimage","url":"https:\/\/wielmetal.cz\/wp-content\/uploads\/2023\/08\/5-1.png","contentUrl":"https:\/\/wielmetal.cz\/wp-content\/uploads\/2023\/08\/5-1.png","width":500,"height":500,"caption":"Trwa\u0142e i stabilne najazdy samochodowe \u2013 idealne rozwi\u0105zanie do napraw i serwis\u00f3w."},{"@type":"BreadcrumbList","@id":"https:\/\/wielmetal.cz\/produkt\/najazd-samochodowy\/#breadcrumb","itemListElement":[{"@type":"ListItem","position":1,"name":"Strona g\u0142\u00f3wna","item":"https:\/\/wielmetal.cz\/"},{"@type":"ListItem","position":2,"name":"Sklep","item":"https:\/\/wielmetal.cz\/?page_id=374"},{"@type":"ListItem","position":3,"name":"Zestaw Najazdy Samochodowe 3t &#8211; 2 Sztuki"}]},{"@type":"WebSite","@id":"https:\/\/wielmetal.cz\/#website","url":"https:\/\/wielmetal.cz\/","name":"WielMetal","description":"Polski producent artyku\u0142\u00f3w metalowych.","publisher":{"@id":"https:\/\/wielmetal.cz\/#organization"},"potentialAction":[{"@type":"SearchAction","target":{"@type":"EntryPoint","urlTemplate":"https:\/\/wielmetal.cz\/?s={search_term_string}"},"query-input":{"@type":"PropertyValueSpecification","valueRequired":true,"valueName":"search_term_string"}}],"inLanguage":"pl-PL"},{"@type":"Organization","@id":"https:\/\/wielmetal.cz\/#organization","name":"WielMetal","url":"https:\/\/wielmetal.cz\/","logo":{"@type":"ImageObject","inLanguage":"pl-PL","@id":"https:\/\/wielmetal.cz\/#\/schema\/logo\/image\/","url":"https:\/\/wielmetal.cz\/wp-content\/uploads\/2023\/08\/WielMetal-1.png","contentUrl":"https:\/\/wielmetal.cz\/wp-content\/uploads\/2023\/08\/WielMetal-1.png","width":350,"height":100,"caption":"WielMetal"},"image":{"@id":"https:\/\/wielmetal.cz\/#\/schema\/logo\/image\/"}}]}},"_links":{"self":[{"href":"https:\/\/wielmetal.cz\/index.php?rest_route=\/wp\/v2\/product\/379","targetHints":{"allow":["GET"]}}],"collection":[{"href":"https:\/\/wielmetal.cz\/index.php?rest_route=\/wp\/v2\/product"}],"about":[{"href":"https:\/\/wielmetal.cz\/index.php?rest_route=\/wp\/v2\/types\/product"}],"replies":[{"embeddable":true,"href":"https:\/\/wielmetal.cz\/index.php?rest_route=%2Fwp%2Fv2%2Fcomments&post=379"}],"wp:featuredmedia":[{"embeddable":true,"href":"https:\/\/wielmetal.cz\/index.php?rest_route=\/wp\/v2\/media\/308"}],"wp:attachment":[{"href":"https:\/\/wielmetal.cz\/index.php?rest_route=%2Fwp%2Fv2%2Fmedia&parent=379"}],"wp:term":[{"taxonomy":"product_brand","embeddable":true,"href":"https:\/\/wielmetal.cz\/index.php?rest_route=%2Fwp%2Fv2%2Fproduct_brand&post=379"},{"taxonomy":"product_cat","embeddable":true,"href":"https:\/\/wielmetal.cz\/index.php?rest_route=%2Fwp%2Fv2%2Fproduct_cat&post=379"},{"taxonomy":"product_tag","embeddable":true,"href":"https:\/\/wielmetal.cz\/index.php?rest_route=%2Fwp%2Fv2%2Fproduct_tag&post=379"}],"curies":[{"name":"wp","href":"https:\/\/api.w.org\/{rel}","templated":true}]}}